 - l + 4 = -6*l, 24 = 4*p - 2*l. Let h(i) = i**2 + 5*i - 10. Suppose 75*r + 60 = 69*r. Let x be h(r). What is the greatest common divisor of x and p?
4
Let k = -258 + 508. Suppose 2*b - 2*z = k, -3*z + 15 = -6*z. Let v = 26 - -4. Calculate the greatest common divisor of v and b.
30
Let x(l) = l**2 - l. Let v be x(-7). Suppose 52 = 5*m - 2*w, -v = -4*m - 2*w - 0*w. Calculate the greatest common divisor of 156 and m.
12
Suppose -8*x + 9*x = 306. What is the highest common divisor of 34 and x?
34
Let m be (-16)/(-120) - 118/(-15). What is the greatest common factor of 124 and m?
4
Let v(y) = -y**3 + 25*y**2 - 6*y - 36. Let i be v(25). Let z be (4/3)/((-8)/i). Suppose 0 = -2*x + 116 + 442. Calculate the highest common factor of x and z.
31
Suppose 372 = 2*k - 2*u, -4*u + 124 + 266 = 2*k. Suppose 135 = 14*p - 159. Calculate the highest common divisor of p and k.
21
Let r(n) = n**3 + 10*n**2 + 21*n + 3. Let l be r(-7). Let b be 64 + (-2 - -4) + (2 - l). What is the greatest common factor of b and 52?
13
Let h(w) = 0*w**2 - 1 + 3 + 4 + 4*w - 3*w**2 - w**3. Let b be h(-4). Suppose 0 = -6*c + 292 - 112. Calculate the highest common factor of b and c.
6
Let x = 71 - 85. Let m be ((-42)/15)/((-2)/(-10)). Let b be (-108)/x*m/(-3). Calculate the highest common factor of b and 12.
12
Let w = -9 - -26. Let u(g) = g**3 + 18*g**2 - 2*g + 15. Let b be u(-18). Calculate the greatest common divisor of b and w.
17
Let s = 33 - 32. Let d(t) = 5*t**2 - 1. Let v be d(s). What is the greatest common divisor of 20 and v?
4
Let g(x) = 12*x - 136. Let a be g(12). What is the highest common factor of 712 and a?
8
Let m = -3 - -19. Let o = 23 - 18. Suppose -22 = o*w - 62. Calculate the highest common factor of w and m.
8
Suppose -4*n = -3*n - 77. Let p(z) = -4*z**2 - 14*z + 1. Let b be p(-3). What is the highest common factor of b and n?
7
Suppose 2*l + 27 = 4*l - 3*m, 0 = -l - 2*m - 4. Let n = 8 - 3. Suppose -n*v - 17 + 317 = 0. What is the highest common factor of v and l?
6
Suppose -2*t = 5*c - 122, -5*c - 534*t + 536*t + 98 = 0. Suppose 3*n - 28 = -5*u, 3*u = -7*n + 2*n + 52. What is the highest common factor of c and n?
11
Let i(o) = 2*o**2 + 43*o + 39. Let x be i(-26). What is the greatest common divisor of 42 and x?
21
Let x be (-725)/(-3 - 2) - 0. Suppose o - 14 = -5*s, 1 = 3*s - 3*o + 7. Let f be (53/1 - -3) + s. Calculate the greatest common factor of x and f.
29
Let y be (-1 - 24)/(13/(-26)). Calculate the highest common factor of y and 250.
50
Suppose 0*h + 34 = 4*h - 2*x, -h - x = -10. Let d = 766 - 760. Calculate the highest common divisor of d and h.
3
Let z = 42 - 32. What is the greatest common divisor of 25 and z?
5
Suppose 0 = -3*b - 44 + 164. Let u = -34 + b. What is the greatest common factor of 2 and u?
2
Suppose 0 = -v - 25*l + 26*l + 21, 5*v = -l + 105. Calculate the greatest common factor of v and 51.
3
Let x be (13/3)/(1/(-9)). Let g = 61 + x. Calculate the greatest common divisor of 66 and g.
22
Let j(u) = -u**3 - 35*u**2 - u - 23. Let q be j(-35). What is the highest common divisor of 3 and q?
3
Let g be (1 + -2)*25/(-5 - 0). Suppose 0 = -4*u + s + 165, g*u + 3*s = u + 177. Calculate the greatest common divisor of 12 and u.
6
Suppose -711*x + 722*x = 4928. Calculate the highest common divisor of 112 and x.
112
Let a be 4*(0/(-1) - -4). Let g be 0 - (4 - (2 + 5)). Suppose -5*q - 12 = -4*v, -2*q = -g*v - 6*q + 40. What is the highest common divisor of v and a?
8
Suppose 12*z = -597 + 609. What is the highest common divisor of z and 2?
1
Let u = 151 - 81. Let y be (-1*0/5)/(-3). Suppose 28*l - 29*l + 10 = y. Calculate the greatest common factor of l and u.
10
Suppose -22*n + 3900 = -2*n. Calculate the highest common divisor of n and 156.
39
Let o be 126 + -22 - 16/(-2). What is the highest common factor of o and 616?
56
Suppose -5*i + 144 = -4*i. Suppose -4*f = l + f + 18, 3*f + 6 = 0. Let z = l + 26. What is the highest common factor of i and z?
18
Suppose 0 = 3*b + 6*i - 2*i - 35, 5*i + 17 = 3*b. Let f be -1 + (-12)/b*-15. Calculate the highest common divisor of f and 171.
19
Let w = 8 - 1. Let o = -127 - -196. Let s = -13 + o. What is the greatest common divisor of w and s?
7
Let i be (-435)/(-33) - 2/11. Let h(n) = 6 + 3*n + 11*n + 1. Let k be h(6). What is the greatest common factor of i and k?
13
Let u be -2 + 4 + 0 + -11. Let k = u + 12. Let z(l) = l**2 - 12*l + 9. Let x be z(12). Calculate the highest common divisor of x and k.
3
Let c(q) = 2*q**2 - 52*q - 173. Let j be c(29). What is the greatest common divisor of 12 and j?
1
Let h = -228 - -579. Calculate the highest common divisor of 78 and h.
39
Let d be (-6 + (-30)/(-12))/((-1)/16). Let c = -28 + d. What is the greatest common divisor of c and 4?
4
Let h be ((-36)/(-6) - 5) + 97. What is the highest common factor of h and 147?
49
Suppose 0 = 4*a - 12*a + 472. Suppose 4*q - 9 = a. Calculate the highest common factor of 187 and q.
17
Let q = -427 - -437. What is the greatest common factor of 50 and q?
10
Suppose 2*l = -2*s + 3*l + 33, -5*l - 60 = -3*s. Calculate the highest common factor of 435 and s.
15
Let d be (0 + 2)*(63/14 - -7). Calculate the greatest common factor of d and 368.
23
Let t = 380 + -262. Let i = t + -88. What is the greatest common factor of i and 30?
30
Let l = -1022 + 1766. Calculate the highest common divisor of l and 72.
24
Suppose -2*u + 1418 = 5*v - 266, -3*u = -3*v + 1002. Calculate the greatest common divisor of 32 and v.
16
Let i = 5 + -23. Let m be (1/(-2) - 3)*i. Let y be m/45*(4 + 1). What is the greatest common divisor of y and 14?
7
Let l = -465 - -485. Let i(f) = f**2 - 6. Let w be i(6). Calculate the greatest common factor of w and l.
10
Let m = 1733 + -543. What is the greatest common divisor of 35 and m?
35
Let c(r) = 3*r. Let y be c(-1). Let n = -17 + 28. Let m = y + n. Calculate the highest common factor of 32 and m.
8
Let h be -6*3/12*4/6. Let x be (1/3)/h + 10818/54. Calculate the highest common factor of 50 and x.
50
Let s = -53 + 72. Let j(p) = 3*p**2 - 6*p + 8. Let o be j(8). Calculate the highest common factor of o and s.
19
Let m = -1463 - -1503. Calculate the highest common divisor of m and 2120.
40
Let s(r) = 4*r**2 + 3*r - 7. Let b be s(10). Let c = 608 - b. Calculate the highest common factor of c and 37.
37
Let b be 1/6 + 461/6. Let l = b + -67. What is the highest common factor of l and 50?
10
Suppose -129*w = -116*w - 1313. Calculate the highest common divisor of w and 2727.
101
Suppose -210 - 82 = -2*n. Let m = n - 53. Suppose -3*j = -2*a + 159, -a = -2*j + 11 - m. Calculate the highest common divisor of 18 and a.
18
Suppose 5*t - 15 = -3*j + 2*t, t - 8 = -2*j. Suppose -3*m + j = -2*m. Suppose r + 102 = m*r + k, 2*k = -r + 57. Calculate the highest common factor of r and 7.
7
Let d = 1 + 9. Let f be 4*-1*(-9)/12. Suppose 0 = -f*p + p + 60. Calculate the greatest common factor of p and d.
10
Let y = 11 + -8. Suppose -5*t - 17 - 28 = 0. Let q be -1*t/3 + y. What is the highest common factor of q and 42?
6
Let g(n) be the first derivative of -44*n**2 - 4*n + 35. Let v be g(-1). What is the greatest common factor of 12 and v?
12
Let x be (-1)/2 - ((-6567)/(-6))/(-11). Let c = 162 - x. What is the greatest common factor of c and 27?
9
Let s = 862 + -849. What is the highest common factor of 1079 and s?
13
Let w be 1093/6 - 5/(-6). Calculate the highest common factor of w and 6.
3
Let d be (-1)/(-5 - (-24)/6). Suppose 6*y - 5*c = 4*y + 1, -4*y - c = 9. Let w be d/(5/y - -3). What is the greatest common divisor of w and 2?
2
Suppose 0 + 30 = k + 5*g, 5*g = 3*k - 10. What is the highest common divisor of k and 20?
10
Let x(r) = -r**3 - 7*r**2 - 15*r + 23. Let n be x(-11). What is the highest common divisor of 42 and n?
42
Suppose 0 = 20*k - 30*k + 120. Let d(v) = v**3 - v**2 + 4*v - 4. Let z be d(4). What is the greatest common factor of z and k?
12
Suppose -3*a + 105 + 47 = 2*i, -2*a - 3*i = -98. Suppose 45*w = 330 + 255. What is the greatest common divisor of a and w?
13
Let i = 94 - 90. Let j be (-651)/(-6) + 6/i. What is the highest common divisor of 10 and j?
10
Let v(h) = -2*h - 15. Let b be v(-10). Suppose -5*d + 6*g + 77 = 2*g, -b*g + 24 = 3*d. What is the highest common factor of d and 26?
13
Suppose -3*d + 658 = 4*i + 312, 0 =